-c. Let x(j) = -j**2 - 13*j + 11. Let z be x(-13). Suppose -z*i + 10*i + 16 = 0. What is the remainder when c is divided by i?
15
Let x(z) = -4*z**3 + z**2 + 3*z. Let q be x(2). Let l(b) = b**3 + 5*b**2 - 3*b - 7. Let h be l(-5). What is the remainder when 52 is divided by (10 - h)*q/(-4)?
8
Suppose -292 = -3*d + l, -3*d - 18*l = -20*l - 296. Suppose d*i - 98*i = -12. Calculate the remainder when 27 is divided by i.
3
Suppose -166*i = -170*i + 10668. Calculate the remainder when i is divided by 334.
329
Let t = -81 - -85. Let v be (t - 0/(-1)) + -137. Let n = v + 148. Calculate the remainder when 52 is divided by n.
7
Suppose -787 = -3*m - 2*h, 4*h - 408 = -4*m + 648. Calculate the remainder when m is divided by 1152/52 + 4/(-26).
17
Let z(t) = 3*t - 37. Let g be z(16). Suppose -126 = -g*h + 4*h. Suppose 227 = h*r - 619. What is the remainder when r is divided by 25?
22
Let x = 23 + 8. Suppose -4*g = 5*a - 44 - 29, -8*g = 4*a - 140. Calculate the remainder when x is divided by g.
14
Suppose -356*l + 385 = 2*s - 359*l, -45 = 5*l. What is the remainder when s is divided by 121?
58
Suppose -d - 15*k + 10*k = -2029, -2*d + 4034 = -2*k. Suppose 0 = -34*i - d + 8921. What is the remainder when i is divided by 68?
67
Let z(g) = g**3 + 2*g**2 - 2*g + 1. Let c(b) = b**2 - 5*b - 21. Let a be 1/((-95)/50 - -2). What is the remainder when c(a) is divided by z(-2)?
4
Let p = 329 + -190. Calculate the remainder when p is divided by 105/(8 - 5) + 1.
31
Let s(l) = 10*l**2 - 9*l - 4. Calculate the remainder when s(5) is divided by (63/(-105))/((-12)/820).
37
Let b = -2 - -4. Let n be (12 - -4)/(-4) - -2. What is the remainder when b is divided by (n + 0 + 4)/1?
0
Let o be -1*(-1 - -8) - -6. Calculate the remainder when ((-10)/6)/((20/504)/o) is divided by 15.
12
Suppose -10*n - 9 = -109. Suppose -2*l + 16 - n = 0. Suppose 0 = l*s + 2*s, 13 = z - 2*s. Calculate the remainder when 61 is divided by z.
9
Let u = 321 + -319. Suppose -12*b + 8*b - 4 = 0, u*p - 17 = 5*b. What is the remainder when 15 is divided by p?
3
Let i = 5242 - 4773. What is the remainder when i is divided by 7?
0
Let d be 3*(-2 - (-3)/1). Let s(l) = 2*l**2 + l. Calculate the remainder when (72 - -11)/((-4)/6 + 126/108) is divided by s(d).
19
Suppose -2*f + 54 = -f. Calculate the remainder when f is divided by (-308)/(-132)*285/35.
16
Suppose 850 = 42*r + 220. Suppose -8*l = -3*l - 15. Suppose -84 = l*q - 261. Calculate the remainder when q is divided by r.
14
Let w = 133 - 253. Calculate the remainder when (w/(-66))/(-10) + 1524/33 is divided by 25.
21
Suppose 0 = -95*t + 94*t + i + 123, -5*i = 20. Suppose 3*b + 3*u - u = 84, 2*b - 5*u - 37 = 0. Calculate the remainder when t is divided by b.
15
Let h(w) = -2*w**2 + 70*w - 50. Let n = -80 - -114. Calculate the remainder when 262 is divided by h(n).
10
Calculate the remainder when (339/4)/((-11)/((-6292)/33)) is divided by 164.
157
Suppose -4*t - 55 = -839. Suppose -11*c + t = -4*c. What is the remainder when c is divided by 9?
1
Let l(w) = -w**3 + 17*w**2 + 100*w - 80. What is the remainder when l(21) is divided by 13?
9
Let n(v) = 2*v**3 + 182*v**2 + 2*v + 274. Calculate the remainder when 6346 is divided by n(-91).
90
What is the remainder when (65/52 - 2)/(3/(-1016)) is divided by 50?
4
Let j = 318 - 161. Suppose 6*x - j = 803. Calculate the remainder when x is divided by 7.
6
Suppose -7374 = -j + 83*x - 87*x, -5*j + x = -36954. Calculate the remainder when j is divided by 84.
82
Calculate the remainder when 170 is divided by ((6 + 117)/3 - 3) + 4.
2
Let q be (-1389)/(-15) - (-8 + 228/30). Suppose -2*n = -q - 23. What is the remainder when n is divided by 8?
2
Suppose 8*z + 4*b + 289 = 3*z, 0 = 5*z + 3*b + 293. Let u = z - -152. Calculate the remainder when u is divided by 25.
16
Let v = 17 - 11. Suppose 45*w = 4*f + 41*w + 16, 2*w = -4*f + 2. Let x = v + f. What is the remainder when 7 is divided by x?
2
Let t(r) = -7*r - 9. Let s be (-2)/6 - (-42)/(-9). Let n(f) = f**2 + 9*f - 201. What is the remainder when n(-21) is divided by t(s)?
25
Let w(k) = 2*k**2 - k. Let c be w(1). Calculate the remainder when 1/c - (3 + -19) is divided by 6 + (-168)/(-44) + (-6)/(-33).
7
Let o = -869 - -878. What is the remainder when 127 is divided by o?
1
Suppose 596 = -119*m + 121*m. Suppose -3*f - 7 = -3*g - m, 3*g = -f + 105. Let t = -34 - -59. Calculate the remainder when f is divided by t.
24
Suppose 2*p + 0 = 14. Let n = -51 - -74. Calculate the remainder when -1 + n + (-11)/(55/(-15)) is divided by p.
4
Suppose 10*t - 5*t - 360 = -5*d, -2*d - 5*t + 144 = 0. Suppose m + 6*r - 2*r - 21 = 0, -m + 49 = -3*r. What is the remainder when d is divided by m?
35
Suppose 2*o - 4 = -3*o + 2*j, -4*j - 8 = -o. Suppose -774 = -3*c + 5*d + 241, o = 3*c - 2*d - 1009. Calculate the remainder when c is divided by 34.
29
Let d be 3*((-6)/((-30)/(-25)) + 66). Let g = 219 - d. What is the remainder when g is divided by 14?
8
Suppose -31*j - 20 = -70 - 322. Let s = -168 - -298. What is the remainder when s is divided by j?
10
Let y = -4671 - -5122. What is the remainder when y is divided by 227?
224
Let g(r) = -r**3 - 16*r**2 + 19*r + 74. Suppose u - 180 = -3*x, 0 = -u - 12*x + 16*x + 194. What is the remainder when u is divided by g(-17)?
26
Calculate the remainder when 446 is divided by (-46 - -237) + (-46)/(-2).
18
Let z(k) = k**2 - 8*k - 1029. Calculate the remainder when z(52) is divided by 97.
95
Calculate the remainder when (-3746)/(-5) + 0 + ((-180)/(-50))/(-18) is divided by 112.
77
Let c(a) = 655*a - 3347. What is the remainder when c(6) is divided by 13?
11
Let j = -4135 + 4186. What is the remainder when 2394 is divided by j?
48
Suppose n + 5*r - 6 = 0, -3*n + 30 = 2*n + r. Suppose -5*z - 21 = -y - z, 5*z = 0. Calculate the remainder when y is divided by n.
3
Let o be 4/(-24) - (-1585)/6. Calculate the remainder when 11 is divided by 1 - 6/(-8) - (-66)/o.
1
Let x = -20460 + 20512. What is the remainder when 4412 is divided by x?
44
Suppose -18*a + 205120 = 15*a + 7*a. Calculate the remainder when a is divided by 45.
43
Let j = -40 + 92. Let c(w) = w**3 - 328*w**2 - 5863*w - 680. Calculate the remainder when j is divided by c(345).
2
Suppose -y = 3*j - 750, 86*y - 83*y = -j + 2234. What is the remainder when y is divided by 21?
9
Let d(m) = -9*m + 4 - 14*m**3 + 24*m**3 + 3*m - 7*m**2 - 16*m**3. Calculate the remainder when d(-2) is divided by 8.
4
Let j(g) be the third derivative of g**4 - 71*g**3/3 + 35*g**2. What is the remainder when 63 is divided by j(6)?
1
Let p(i) = 18*i + 21*i - 2 + 21*i - 55*i. What is the remainder when 71 is divided by p(4)?
17
Let j(g) = -2*g + 33. Let p be j(8). Suppose -2*o - p = -11. What is the remainder when -5 - (1 - (-72)/o) is divided by 4?
2
Suppose -4*c + 132 = 3*j - 464, 2*c - 4 = 0. Let d = j - 23. Calculate the remainder when d is divided by 36.
29
Suppose 26*j - 166 - 3690 + 34 = 0. Calculate the remainder when 154 is divided by j.
7
Let p = 84 - 68. Suppose -p*m + 734 = -1538. What is the remainder when m is divided by 9?
7
Let w be -2 - (1 + -3 + -2). Suppose -d = -4, 4*o + 10 - w = 5*d. Suppose 5*c = -25, 0 = -2*b + 5*b + o*c - 192. What is the remainder when b is divided by 19?
12
Suppose 0 = r - 4*c + 8, 0 = -11*r + 7*r + 3*c - 6. Suppose 7*s - 254 - 236 = r. Let g = -26 + 45. Calculate the remainder when s is divided by g.
13
Let l(q) = 39 - 44*q**2 - 11*q + 35*q**2 + 17*q**2. What is the remainder when l(4) is divided by 19?
9
Let p(d) = -10*d + 30. Let a be p(0). Suppose a = 8*w - 10. Suppose -f = w*l + f - 127, -3*f + 15 = l. What is the remainder when l is divided by 16?
11
Let c be (1/3)/((-7)/(-63)). Calculate the remainder when 1128/16*c/6*4 is divided by 9.
6
Suppose -10*t + 3 + 57 = 0. Suppose 0 = -6*w + 36 - t. Suppose -12 = 4*b, -w*b + 2 = -3*g + 35. Calculate the remainder when 23 is divided by g.
5
Let o(k) = -6*k - 1. Let l = 224 - 299. Let s = 166 + l. Calculate the remainder when s is divided by o(-4).
22
What is the remainder when 5537 is divided by (198/10)/((-278)/(-1320) - 952/15708)?
125
Let p(g) = g**3 - 29*g**2 + 44*g - 410. What is the remainder when 336 is divided by p(28)?
32
Suppose w - 20 = -14. Suppose 3*u - 10 = 2*u - 3*i, 0 = -2*u - 3*i + 5. What is the remainder when (3 - w - u) +